m(v) = -2*v + 1. Let t be -1*(9/(-3) - -1). Suppose 6 = -q + t. Let o(n) = n**3 + 3*n**2 - 3*n + 2. Let w be o(q). Determine m(w).
5
Suppose 3*y + 4*b = -3, 0*b + b - 5 = 5*y. Let n(w) = 5*w**2 - 2*w - 6. Let f(u) = -1. Let i(t) = 5*f(t) - n(t). Determine i(y).
-6
Let h(u) = 8*u**2 + u - 1. Let f(x) = -5*x + 3*x - 3 - 2*x + 6*x. Let o be f(2). Give h(o).
8
Let f = 10 - 11. Let g(r) be the third derivative of -2*r**2 - 1/30*r**5 + 0*r - 1/6*r**3 - 1/12*r**4 + 0. Give g(f).
-1
Let g(h) = h**3 - h**2 - h - 1. Let j be g(2). Let d(o) = -j - 3*o + 3*o - 3*o. Give d(3).
-10
Let d(s) be the third derivative of s**5/60 - s**3/3 + s**2. Let z be d(-2). Suppose -6 = 4*f - z. Let q(h) = 8*h**3 - 2*h**2 - h. Determine q(f).
-9
Let m = 9 + -9. Let r(l) be the third derivative of m + 0*l**4 - 1/6*l**3 + l**2 + 0*l - 1/60*l**5. Give r(-1).
-2
Let g = -10 + 13. Suppose g*w - 2*w + 11 = -4*n, -2*n = -w + 13. Let j(h) = -3*h - 4. Give j(n).
8
Let s(m) = -9*m - 18 + m**2 - 18 + 42. Give s(8).
-2
Let y(x) be the first derivative of x**4/4 + 7*x**3/3 - 4*x**2 + 11*x - 42. Determine y(-8).
11
Let z(w) = -2*w**3 + 5*w**2 - 3*w + 1. Suppose 25*o = 21*o + 12. Give z(o).
-17
Let g(m) = m**2 + 6*m + 2. Let u(j) = 13*j**3 + 1. Let s be u(-1). Let f be s/(-4) - 1/(-1). Suppose -d = -f*d - 15. Determine g(d).
-3
Let x(s) = -s**3 - s**2 - 4*s - 5. Let k(z) = -2*z**3 - 2*z**2 - 9*z - 11. Let m(t) = -2*k(t) + 5*x(t). What is m(-2)?
5
Let z(o) be the third derivative of o**6/120 - o**4/24 - 7*o**3/6 + 4*o**2. Let w = 10 - 8. Let n = w + -2. Determine z(n).
-7
Let h(z) = 2*z**3 + 3*z**2 + 2*z - 2. Suppose -3*p + 2*p - 5 = 0, 3*d + 2*p + 10 = 0. Let r = 3 + -3. Let o be r + 0 + -2 + d. Give h(o).
-10
Let d(y) be the first derivative of y**2 - 4*y + 15. Give d(5).
6
Suppose 0 = -4*x + 2*g + 124, 2*g - 1 = -5. Suppose -a = 4*a - x. Suppose 3*s = -2*j - a, 3*j = -2*s + 3*s + 13. Let v(q) = q + 3. What is v(s)?
-1
Let j = 31/22 + 1/11. Let l(f) be the first derivative of 1/4*f**4 - 4/3*f**3 + j*f**2 - 1 + 0*f. Determine l(3).
0
Let v(h) = -h**2 + 13*h - 22. Let w be v(10). Let x(q) = q**3 - 7*q**2 - 8*q - 7. Determine x(w).
-7
Let v be (-1 + 3)*(-2)/((-4)/6). Let l(f) = f**2 - 4*f + 6. Determine l(v).
18
Suppose -r = -4*r + 60. Let z = -15 + r. Let m(s) be the second derivative of -s**5/20 + 5*s**4/12 + s**3/3 - 3*s**2 - s. What is m(z)?
4
Let s(m) = m**3 - 6*m**2 + 6*m. Suppose -1 = 5*j - 6. Let r = j - -3. Give s(r).
-8
Let p(y) = 7*y**2 - 2 + 2 - y**3 - 6 - 6*y. Let g(r) = 9*r**2 - 6*r + 3. Let j be g(1). Determine p(j).
-6
Let t be 6/5*20/6. Let i be (-12)/(-8)*t/3. Let z(s) = 2*s**3 - 4*s**2 + 3*s - 2. What is z(i)?
4
Let c(o) = o**2 - 7*o + 8. Let i be c(6). Let n(a) = -a + 4 + 0 - i. What is n(-2)?
4
Let t = 4 + 0. Let p be (-18)/t + (-3)/(-2). Let v(o) be the third derivative of o**4/24 + o**3/3 - 2*o**2. Determine v(p).
-1
Let t(z) = -5*z + 3*z + 4*z**3 - 3*z**3 + 2. Let h = 33 - 31. Give t(h).
6
Let v(y) = -y - 4. Suppose 0 = -5*m, -2*j + 2*m - 7*m = 6. Give v(j).
-1
Let l(v) = v**3 - 2*v**2 - v - 4. Let x(s) = -s**3 + 2*s**2 + s + 3. Let f(j) = 3*l(j) + 4*x(j). Determine f(-1).
2
Let q(i) = 2*i - 2*i**2 + i**3 - 5 + 1 - 3*i**2. Determine q(3).
-16
Let f(n) = 3*n + 2. Let p(w) = 4*w + 3. Let s(j) = 7*f(j) - 5*p(j). Let b = -11 - -16. Suppose -b = 2*u - u. What is s(u)?
-6
Let i(r) = 2*r**2 - 2*r + 1. Suppose -q = 2*q + o - 5, 0 = 4*q + 5*o - 14. Give i(q).
1
Let s(w) = -12*w**2 - 14*w**2 + 36*w**2 + 1 - 9*w**2 - 2*w - 5*w**3. Determine s(1).
-5
Let o(h) be the first derivative of -h**3/3 - 5*h**2/2 - 6*h + 27. Determine o(-4).
-2
Let n(h) = -h**2 - 10*h + 21. Let r be n(-12). Let y(q) = q - 1. Determine y(r).
-4
Let c(z) be the second derivative of 0*z**2 - 1/6*z**3 + 1/60*z**5 + 0 - 2*z - 1/24*z**4 - 1/72*z**6. Let h(d) be the second derivative of c(d). Give h(1).
-4
Let p be 46/14 - 2/7. Suppose -5*r + 7 = -p. Let z(f) = -3*f + f - 2*f**r + f**2. What is z(-2)?
0
Let u(g) = 9*g**2 - 3*g**2 + g - 6*g**2 + g**2 - 5. What is u(-4)?
7
Let r = 10 + -8. Let n(v) = 7*v - 1 + v**2 + 0 - r*v**2 + 2. Give n(6).
7
Let b(m) be the first derivative of -3*m**2 - 1/3*m**3 - 1 - 2*m. Determine b(-4).
6
Let q(s) = 24*s**2 + 2*s - 1 + s**3 - 1 - 28*s**2. Determine q(4).
6
Let s(q) = q**2 - 2*q**2 - q - 5*q**2. Suppose -3 = -2*k - k. Give s(k).
-7
Let u(w) be the third derivative of -w**7/840 - w**6/72 + w**5/30 - w**4/4 + w**3/2 - w**2. Let x(o) be the first derivative of u(o). Determine x(-6).
6
Let a(z) = z**2 - 6*z - 1. Let t be a(7). Let j(f) = -4 - 3*f + 4*f + 0*f. What is j(t)?
2
Let w(k) be the second derivative of 0 - 1/3*k**4 + k**2 + 1/10*k**5 + 1/3*k**3 + 2*k. What is w(2)?
6
Let w(c) = -c - 9. Let x = 0 - -5. Let l = -7 + x. Let g = 2 + l. What is w(g)?
-9
Suppose 5 = 9*t + 5. Let h(l) = 4*l - 10. Let v(y) = 5*y - 11. Let z(i) = 4*h(i) - 3*v(i). Calculate z(t).
-7
Let o be 14 + (-4)/2 + -1. Suppose -3*m + f = -m + 7, -m - o = -3*f. Let r(s) = -11*s - 3. Let a(w) = 21*w + 6. Let u(p) = 6*a(p) + 11*r(p). Give u(m).
-7
Suppose 5*l = 2*l - 9, -4*y + 2*l = -2. Let z be 4 + -1 + (-3 - y). Let n(v) = -3*v**3 - v**2 + v. What is n(z)?
-3
Let f(m) = m**3 - 6*m**2 + 4*m - 5. Suppose -y + 1 = -2*y. Let g(c) = 5*c**2 - c - 1. Let d be g(y). Determine f(d).
-10
Let l(g) = -g**3 - g**2 + 2*g - 3. Let c(q) = q + 4. Let y(v) = 1. Let u(z) = -2*c(z) - 6*y(z). Let m be u(-8). Calculate l(m).
-11
Suppose 2*m - 3*g - 13 = 0, -5*m + 10 = -g - 2*g. Let c = 2 + m. Let h(i) = -4*i**2 - i + 1. Determine h(c).
-4
Let j(n) = n**2 - 2*n + 1. Let u(y) = 3*y**2 - 5*y + 3. Let h(v) = -7*j(v) + 2*u(v). Give h(3).
2
Let y(l) = l**2 + l - 1. Let b be y(-3). Let j(f) = -f**2 - b*f**3 + 0*f**2 - 9*f**3. What is j(-1)?
13
Let t(p) = -2*p**2 - 10*p - 14. Let h(j) be the first derivative of j**3/3 + 5*j**2/2 + 7*j - 5. Let f(o) = -5*h(o) - 3*t(o). Give f(-6).
13
Let k(p) be the first derivative of 1/3*p**3 + 4 - 5/2*p**2 + p. Let f = -10 + 14. Determine k(f).
-3
Let l(j) = -j**3 - j. Let i(g) = 2 + 5*g - 2*g**3 - 8 + 6*g**2 + 2*g + 6*g**3. Let d(x) = -i(x) - 5*l(x). Determine d(6).
-6
Let z be ((-3)/6 - 0)*-6. Let w(h) = 2*h**2 - 4*h + 3. Give w(z).
9
Suppose 3*o - 35 = n, -5*o - 4*n + 50 = -14. Let f = o + -6. Suppose -4*u = 26 - f. Let l(k) = -2*k - 5. What is l(u)?
5
Let i(r) be the third derivative of r**6/120 - r**5/20 - r**4/24 - r**3/6 + 8*r**2. Determine i(3).
-4
Let j(c) = -c**2 - 11*c + 9. Let n = 85 + -96. What is j(n)?
9
Let l(j) = j**2 + 11*j - 25. Let g be l(-13). Let t(v) = -5*v + 1. Calculate t(g).
-4
Let l = 17 + -15. Let d(g) be the second derivative of 5/2*g**2 - 1/20*g**5 + 1/3*g**4 + 1/2*g**3 + 0 + l*g. Calculate d(5).
-5
Let f(p) = p**2 + 8*p + 8. Let l be 2/6*42/7. Suppose u = -l*u + 9. Suppose 2*v + 3*v + 2*h + 20 = 0, u*v = -h - 13. Give f(v).
-4
Let c(x) = -x**2 + 6*x - 5. Let n(m) = -m**3 - m**2 - m. Let j be n(0). Let y = j - -4. What is c(y)?
3
Let b(w) be the first derivative of w**2 + 5*w + 10. What is b(-6)?
-7
Let r(w) = -w**3 + 7*w**2 + w + 3. Suppose 0 = 4*u - 8, 33 = 5*f - 6*u + 5*u. Give r(f).
10
Let a(p) = -p**2 - 2*p + 2. Let m be a(0). Let n(h) = 3*h**2 - 10*h - 10. Let r(i) = 2*i**2 - 7*i - 7. Let f(z) = 5*n(z) - 7*r(z). Give f(m).
1
Let u(h) be the first derivative of h**5/60 + 7*h**4/24 + 2*h**3/3 + 4. Let d(c) be the third derivative of u(c). Determine d(-6).
-5
Let t(z) = z**2 + 24 - 15 - 9*z - 15. Calculate t(9).
-6
Let i(o) = o**2 + o - 2. Let a be i(0). Let q(f) = f**2 - f + 1. Let c(x) = -4*x**2 - 5. Let l = 10 - 11. Let h(j) = l*c(j) - 3*q(j). Give h(a).
0
Let k = 5 + 0. Let z = k + -7. Let x(y) = 2*y**2 - 1. Calculate x(z).
7
Let l(s) = 6*s. Let n(a) = -2*a + 13. Let c be n(6). What is l(c)?
6
Let w(s) be the third derivative of -s**5/60 - s**4/12 + s**3/2 + 2*s**2. Let d be 5 + (-19)/10 - (-1)/(-10). Calculate w(d).
-12
Let k(c) be the first derivative of c**3/3 - 5*c**2/2 + 3*c - 1. Suppose -4*t = -0*t. Suppose -5*w + 10*w - 20 = t. What is k(w)?
-1
Let t(j) be the first derivative of -j**2/2 + 11*j + 5. What is t(0)?
11
Let j be (-1)/(-1 + 6/8). Suppose 0 = -2*y + 2*x - 3 - 3, -2 = -y - j*x. Let g be 0*1*y/4. Let a(c) = -c - 1. Determine a(g).
-1
Let b(l) = l**2 - 7*l + 6. Suppose 4*m - 20 = 4. Calculate b(m).
0
Let p(l) = 2*l - 4. Let w be p(3). Suppose w*